{"id":1073,"date":"2017-03-03T10:25:47","date_gmt":"2017-03-03T09:25:47","guid":{"rendered":"http:\/\/www.barbeyrolles.com\/une-histoire\/"},"modified":"2023-05-19T14:20:54","modified_gmt":"2023-05-19T12:20:54","slug":"une-histoire","status":"publish","type":"page","link":"https:\/\/www.barbeyrolles.com\/en\/une-histoire\/","title":{"rendered":"LA FAMILLE"},"content":{"rendered":"<div class=\"wpb-content-wrapper\"><p>[vc_row full_width=&#8221;stretch_row_content_no_spaces&#8221; css=&#8221;.vc_custom_1499152578605{margin-bottom: 20px !important;}&#8221;][vc_column][vc_single_image image=&#8221;1495&#8243; img_size=&#8221;full&#8221; alignment=&#8221;center&#8221;][\/vc_column][\/vc_row][vc_row full_width=&#8221;stretch_row&#8221; css=&#8221;.vc_custom_1499155766330{margin-top: 20px !important;margin-bottom: 50px !important;}&#8221;][vc_column][vc_custom_heading text=&#8221;A family from Provence&#8221; font_container=&#8221;tag:h1|font_size:30|text_align:center|color:%234d4641&#8243; google_fonts=&#8221;font_family:Libre%20Baskerville%3Aregular%2Citalic%2C700|font_style:400%20italic%3A400%3Aitalic&#8221; css=&#8221;.vc_custom_1512592257989{margin-bottom: 10px !important;}&#8221;][vc_separator color=&#8221;custom&#8221; el_width=&#8221;10&#8243; accent_color=&#8221;#e3d5c1&#8243; css=&#8221;.vc_custom_1496230297497{margin-bottom: 20px !important;}&#8221;][vc_column_text]<\/p>\n<p style=\"text-align: center;\">Native of Provence, the Sumeire family has settled down in Trets, at the foot of mountain Sainte-Victoire, since the 13th Century<\/p>\n<p>[\/vc_column_text][\/vc_column][\/vc_row][vc_row content_placement=&#8221;middle&#8221; woss_parallax=&#8221;yes&#8221; css=&#8221;.vc_custom_1497538655641{margin-top: 20px !important;margin-bottom: 20px !important;}&#8221;][vc_column width=&#8221;1\/2&#8243;][vc_custom_heading text=&#8221;THE CH\u00c2TEAU BARBEYROLLES&#8221; font_container=&#8221;tag:h1|font_size:25|text_align:center&#8221; use_theme_fonts=&#8221;yes&#8221; css=&#8221;.vc_custom_1512592492543{margin-bottom: 10px !important;}&#8221;][vc_separator color=&#8221;custom&#8221; el_width=&#8221;10&#8243; accent_color=&#8221;#e3d5c1&#8243; css=&#8221;.vc_custom_1496230316915{margin-bottom: 20px !important;}&#8221;][vc_column_text css=&#8221;.vc_custom_1684498848931{margin-bottom: 60px !important;}&#8221;]Barbeyrolles was acquired in 1977 by R\u00e9gine Sumeire. This twelve hectare vineyard located at the foot of the village in Gassin, is an oasis of natural beauty in the gulf of Saint-Tropez. It was painted by numerous artists including Charles Camoin.<\/p>\n<p>This sleeping vineyard required a lot of patience and hardworking. The first bottle of the Ch\u00e2teau Barbeyrolles dated from 1982. In 2004 and 2005, a new cellar has been build, following the principles of gravity winemaking, with two Coquard champagnes presses.[\/vc_column_text][\/vc_column][vc_column width=&#8221;1\/2&#8243;][vc_single_image image=&#8221;1497&#8243; img_size=&#8221;434*650&#8243; alignment=&#8221;center&#8221;][\/vc_column][\/vc_row][vc_row content_placement=&#8221;middle&#8221; woss_parallax=&#8221;yes&#8221; css=&#8221;.vc_custom_1505895890412{margin-top: 40px !important;margin-bottom: 20px !important;}&#8221;][vc_column width=&#8221;1\/2&#8243;][vc_single_image image=&#8221;1505&#8243; img_size=&#8221;467&#215;700&#8243; alignment=&#8221;center&#8221;][\/vc_column][vc_column width=&#8221;1\/2&#8243;][vc_custom_heading text=&#8221;ROGER SUMEIRE&#8221; font_container=&#8221;tag:h1|font_size:25|text_align:center&#8221; use_theme_fonts=&#8221;yes&#8221; css=&#8221;.vc_custom_1497356435547{margin-bottom: 10px !important;}&#8221;][vc_separator color=&#8221;custom&#8221; el_width=&#8221;10&#8243; accent_color=&#8221;#e3d5c1&#8243; css=&#8221;.vc_custom_1496230316915{margin-bottom: 20px !important;}&#8221;][vc_column_text css=&#8221;.vc_custom_1512592526790{margin-bottom: 60px !important;}&#8221;]Roger Sumeire, one of Gabriel\u2019s five sons, was also blessed with a pioneering spirit. Roger Sumeire, who rarely lost his temper, allowed people to achieve their potential in relation to their personalities, while guiding them unobtrusively in the direction in which he wanted them to go. From 1946 onwards Roger Sumeire contributed enormously to the expansion of the vineyards.[\/vc_column_text][vc_custom_heading text=&#8221;R\u00c9GINE SUMEIRE&#8221; font_container=&#8221;tag:h1|font_size:25|text_align:center&#8221; use_theme_fonts=&#8221;yes&#8221; css=&#8221;.vc_custom_1497356442555{margin-bottom: 10px !important;}&#8221;][vc_separator color=&#8221;custom&#8221; el_width=&#8221;10&#8243; accent_color=&#8221;#e3d5c1&#8243; css=&#8221;.vc_custom_1496238112774{margin-bottom: 20px !important;}&#8221;][vc_column_text]R\u00e9gine Sumeire, the daughter of Roger Sumeire, assures the continuity of the family work. She likes to say that it is her father who taught her gestures and care of the vineyard. The same father who said to her that he had lived a working life in accordance with her grandfather and who knew how to perfectly reproduce this model with his daughter. The passion for wine-making they both instilled in R\u00e9gine Sumeire still motivates her today. She communicates her experience to her team and her nephew Pierre-Francois de Bernardi.[\/vc_column_text][\/vc_column][\/vc_row][vc_row content_placement=&#8221;middle&#8221; woss_parallax=&#8221;yes&#8221; css=&#8221;.vc_custom_1499152681132{margin-top: 40px !important;margin-bottom: 20px !important;}&#8221;][vc_column][vc_custom_heading text=&#8221;The birth of the P\u00e9tale de Rose&#8221; font_container=&#8221;tag:h1|font_size:30|text_align:center|color:%234d4641&#8243; google_fonts=&#8221;font_family:Libre%20Baskerville%3Aregular%2Citalic%2C700|font_style:400%20italic%3A400%3Aitalic&#8221; css=&#8221;.vc_custom_1512592564450{margin-bottom: 10px !important;}&#8221;][vc_separator color=&#8221;custom&#8221; el_width=&#8221;10&#8243; accent_color=&#8221;#e3d5c1&#8243; css=&#8221;.vc_custom_1496230519133{margin-bottom: 20px !important;}&#8221;][vc_column_text]Once upon a time, a young winemaker wanted to create a pale ros\u00e9 wine. She had the idea to vinify red grenache by pressing the entire grapes using a champanese press.\u00a0The resulting juice that flew from the press had a pale color. The difference was noticeable with a deeper than usual length in the mouth.\u00a0This is the way the P\u00e9tale de Rose was born in 1985, recognized as the first pale ros\u00e9 in Provence, vinified at Ch\u00e2teau Barbeyrolles. This vinification method was then used at Ch\u00e2teau la Tour de l\u2019Ev\u00eaque to produce a cuv\u00e9e with the same name.[\/vc_column_text][\/vc_column][\/vc_row][vc_row css=&#8221;.vc_custom_1505895992659{margin-top: 20px !important;margin-bottom: 500px !important;}&#8221;][vc_column width=&#8221;2\/3&#8243;][vc_single_image image=&#8221;1499&#8243; img_size=&#8221;full&#8221; alignment=&#8221;center&#8221;][\/vc_column][vc_column width=&#8221;1\/3&#8243;][vc_single_image image=&#8221;1501&#8243; img_size=&#8221;full&#8221;][\/vc_column][\/vc_row]<\/p>\n<\/div>","protected":false},"excerpt":{"rendered":"<p>[vc_row full_width=&#8221;stretch_row_content_no_spaces&#8221; css=&#8221;.vc_custom_1499152578605{margin-bottom: 20px !important;}&#8221;][vc_column][vc_single_image image=&#8221;1495&#8243; img_size=&#8221;full&#8221; alignment=&#8221;center&#8221;][\/vc_column][\/vc_row][vc_row full_width=&#8221;stretch_row&#8221; css=&#8221;.vc_custom_1499155766330{margin-top: 20px !important;margin-bottom: 50px !important;}&#8221;][vc_column][vc_custom_heading text=&#8221;A family from Provence&#8221; font_container=&#8221;tag:h1|font_size:30|text_align:center|color:%234d4641&#8243; google_fonts=&#8221;font_family:Libre%20Baskerville%3Aregular%2Citalic%2C700|font_style:400%20italic%3A400%3Aitalic&#8221; css=&#8221;.vc_custom_1512592257989{margin-bottom: 10px !important;}&#8221;][vc_separator color=&#8221;custom&#8221; el_width=&#8221;10&#8243; accent_color=&#8221;#e3d5c1&#8243; css=&#8221;.vc_custom_1496230297497{margin-bottom: 20px !important;}&#8221;][vc_column_text] Native of Provence, the Sumeire family has settled down in Trets, at the foot of mountain Sainte-Victoire, since the 13th Century [\/vc_column_text][\/vc_column][\/vc_row][vc_row content_placement=&#8221;middle&#8221; woss_parallax=&#8221;yes&#8221; css=&#8221;.vc_custom_1497538655641{margin-top: 20px [&hellip;]<\/p>\n","protected":false},"author":1,"featured_media":0,"parent":0,"menu_order":0,"comment_status":"closed","ping_status":"closed","template":"template-home.php","meta":{"footnotes":""},"class_list":["post-1073","page","type-page","status-publish","hentry"],"_links":{"self":[{"href":"https:\/\/www.barbeyrolles.com\/en\/wp-json\/wp\/v2\/pages\/1073","targetHints":{"allow":["GET"]}}],"collection":[{"href":"https:\/\/www.barbeyrolles.com\/en\/wp-json\/wp\/v2\/pages"}],"about":[{"href":"https:\/\/www.barbeyrolles.com\/en\/wp-json\/wp\/v2\/types\/page"}],"author":[{"embeddable":true,"href":"https:\/\/www.barbeyrolles.com\/en\/wp-json\/wp\/v2\/users\/1"}],"replies":[{"embeddable":true,"href":"https:\/\/www.barbeyrolles.com\/en\/wp-json\/wp\/v2\/comments?post=1073"}],"version-history":[{"count":8,"href":"https:\/\/www.barbeyrolles.com\/en\/wp-json\/wp\/v2\/pages\/1073\/revisions"}],"predecessor-version":[{"id":2921,"href":"https:\/\/www.barbeyrolles.com\/en\/wp-json\/wp\/v2\/pages\/1073\/revisions\/2921"}],"wp:attachment":[{"href":"https:\/\/www.barbeyrolles.com\/en\/wp-json\/wp\/v2\/media?parent=1073"}],"curies":[{"name":"wp","href":"https:\/\/api.w.org\/{rel}","templated":true}]}}

<div class="wpb-content-wrapper"><p>[vc_row full_width=&#8221;stretch_row_content_no_spaces&#8221; css=&#8221;.vc_custom_1499152578605{margin-bottom: 20px !important;}&#8221;][vc_column][vc_single_image image=&#8221;1495&#8243; img_size=&#8221;full&#8221; alignment=&#8221;center&#8221;][/vc_column][/vc_row][vc_row full_width=&#8221;stretch_row&#8221; css=&#8221;.vc_custom_1499155766330{margin-top: 20px !important;margin-bottom: 50px !important;}&#8221;][vc_column][vc_custom_heading text=&#8221;A family from Provence&#8221; font_container=&#8221;tag:h1|font_size:30|text_align:center|color:%234d4641&#8243; google_fonts=&#8221;font_family:Libre%20Baskerville%3Aregular%2Citalic%2C700|font_style:400%20italic%3A400%3Aitalic&#8221; css=&#8221;.vc_custom_1512592257989{margin-bottom: 10px !important;}&#8221;][vc_separator color=&#8221;custom&#8221; el_width=&#8221;10&#8243; accent_color=&#8221;#e3d5c1&#8243; css=&#8221;.vc_custom_1496230297497{margin-bottom: 20px !important;}&#8221;][vc_column_text]</p>
<p style="text-align: center;">Native of Provence, the Sumeire family has settled down in Trets, at the foot of mountain Sainte-Victoire, since the 13th Century</p>
<p>[/vc_column_text][/vc_column][/vc_row][vc_row content_placement=&#8221;middle&#8221; woss_parallax=&#8221;yes&#8221; css=&#8221;.vc_custom_1497538655641{margin-top: 20px !important;margin-bottom: 20px !important;}&#8221;][vc_column width=&#8221;1/2&#8243;][vc_custom_heading text=&#8221;THE CHÂTEAU BARBEYROLLES&#8221; font_container=&#8221;tag:h1|font_size:25|text_align:center&#8221; use_theme_fonts=&#8221;yes&#8221; css=&#8221;.vc_custom_1512592492543{margin-bottom: 10px !important;}&#8221;][vc_separator color=&#8221;custom&#8221; el_width=&#8221;10&#8243; accent_color=&#8221;#e3d5c1&#8243; css=&#8221;.vc_custom_1496230316915{margin-bottom: 20px !important;}&#8221;][vc_column_text css=&#8221;.vc_custom_1684498848931{margin-bottom: 60px !important;}&#8221;]Barbeyrolles was acquired in 1977 by Régine Sumeire. This twelve hectare vineyard located at the foot of the village in Gassin, is an oasis of natural beauty in the gulf of Saint-Tropez. It was painted by numerous artists including Charles Camoin.</p>
<p>This sleeping vineyard required a lot of patience and hardworking. The first bottle of the Château Barbeyrolles dated from 1982. In 2004 and 2005, a new cellar has been build, following the principles of gravity winemaking, with two Coquard champagnes presses.[/vc_column_text][/vc_column][vc_column width=&#8221;1/2&#8243;][vc_single_image image=&#8221;1497&#8243; img_size=&#8221;434*650&#8243; alignment=&#8221;center&#8221;][/vc_column][/vc_row][vc_row content_placement=&#8221;middle&#8221; woss_parallax=&#8221;yes&#8221; css=&#8221;.vc_custom_1505895890412{margin-top: 40px !important;margin-bottom: 20px !important;}&#8221;][vc_column width=&#8221;1/2&#8243;][vc_single_image image=&#8221;1505&#8243; img_size=&#8221;467&#215;700&#8243; alignment=&#8221;center&#8221;][/vc_column][vc_column width=&#8221;1/2&#8243;][vc_custom_heading text=&#8221;ROGER SUMEIRE&#8221; font_container=&#8221;tag:h1|font_size:25|text_align:center&#8221; use_theme_fonts=&#8221;yes&#8221; css=&#8221;.vc_custom_1497356435547{margin-bottom: 10px !important;}&#8221;][vc_separator color=&#8221;custom&#8221; el_width=&#8221;10&#8243; accent_color=&#8221;#e3d5c1&#8243; css=&#8221;.vc_custom_1496230316915{margin-bottom: 20px !important;}&#8221;][vc_column_text css=&#8221;.vc_custom_1512592526790{margin-bottom: 60px !important;}&#8221;]Roger Sumeire, one of Gabriel’s five sons, was also blessed with a pioneering spirit. Roger Sumeire, who rarely lost his temper, allowed people to achieve their potential in relation to their personalities, while guiding them unobtrusively in the direction in which he wanted them to go. From 1946 onwards Roger Sumeire contributed enormously to the expansion of the vineyards.[/vc_column_text][vc_custom_heading text=&#8221;RÉGINE SUMEIRE&#8221; font_container=&#8221;tag:h1|font_size:25|text_align:center&#8221; use_theme_fonts=&#8221;yes&#8221; css=&#8221;.vc_custom_1497356442555{margin-bottom: 10px !important;}&#8221;][vc_separator color=&#8221;custom&#8221; el_width=&#8221;10&#8243; accent_color=&#8221;#e3d5c1&#8243; css=&#8221;.vc_custom_1496238112774{margin-bottom: 20px !important;}&#8221;][vc_column_text]Régine Sumeire, the daughter of Roger Sumeire, assures the continuity of the family work. She likes to say that it is her father who taught her gestures and care of the vineyard. The same father who said to her that he had lived a working life in accordance with her grandfather and who knew how to perfectly reproduce this model with his daughter. The passion for wine-making they both instilled in Régine Sumeire still motivates her today. She communicates her experience to her team and her nephew Pierre-Francois de Bernardi.[/vc_column_text][/vc_column][/vc_row][vc_row content_placement=&#8221;middle&#8221; woss_parallax=&#8221;yes&#8221; css=&#8221;.vc_custom_1499152681132{margin-top: 40px !important;margin-bottom: 20px !important;}&#8221;][vc_column][vc_custom_heading text=&#8221;The birth of the Pétale de Rose&#8221; font_container=&#8221;tag:h1|font_size:30|text_align:center|color:%234d4641&#8243; google_fonts=&#8221;font_family:Libre%20Baskerville%3Aregular%2Citalic%2C700|font_style:400%20italic%3A400%3Aitalic&#8221; css=&#8221;.vc_custom_1512592564450{margin-bottom: 10px !important;}&#8221;][vc_separator color=&#8221;custom&#8221; el_width=&#8221;10&#8243; accent_color=&#8221;#e3d5c1&#8243; css=&#8221;.vc_custom_1496230519133{margin-bottom: 20px !important;}&#8221;][vc_column_text]Once upon a time, a young winemaker wanted to create a pale rosé wine. She had the idea to vinify red grenache by pressing the entire grapes using a champanese press. The resulting juice that flew from the press had a pale color. The difference was noticeable with a deeper than usual length in the mouth. This is the way the Pétale de Rose was born in 1985, recognized as the first pale rosé in Provence, vinified at Château Barbeyrolles. This vinification method was then used at Château la Tour de l’Evêque to produce a cuvée with the same name.[/vc_column_text][/vc_column][/vc_row][vc_row css=&#8221;.vc_custom_1505895992659{margin-top: 20px !important;margin-bottom: 500px !important;}&#8221;][vc_column width=&#8221;2/3&#8243;][vc_single_image image=&#8221;1499&#8243; img_size=&#8221;full&#8221; alignment=&#8221;center&#8221;][/vc_column][vc_column width=&#8221;1/3&#8243;][vc_single_image image=&#8221;1501&#8243; img_size=&#8221;full&#8221;][/vc_column][/vc_row]</p>
</div>
